{"id":101,"date":"2017-03-22T15:51:03","date_gmt":"2017-03-22T21:51:03","guid":{"rendered":"http:\/\/www.e-compugraf.com\/?page_id=101"},"modified":"2017-03-22T15:56:54","modified_gmt":"2017-03-22T21:56:54","slug":"curso-de-implementacion-de-servidores-firewalls-con-gnu-linux","status":"publish","type":"page","link":"https:\/\/www.e-compugraf.com\/index.php\/curso-de-implementacion-de-servidores-firewalls-con-gnu-linux\/","title":{"rendered":"Curso de Implementaci\u00f3n de servidores Firewalls con GNU Linux"},"content":{"rendered":"<p>Hoy en d\u00eda tener conectada una red a Internet podr\u00e1 ser algo riesgoso, el Internet, ahora se ha convertido en un medio hostil e inseguro. Con la aparici\u00f3n de nuevos virus, trojanos, gusanos, y muchos otros tipos de ataques de red se ha vuelto imprescindible tener un Firewall que este filtrando los paquetes de Internet hacia nuestro equipo o red y viceversa. Este curso esta dise\u00f1ado para que el participante aprenda como instalar , configurar y mantener un Firewall en sistemas GNU\/Linux.<br \/>\nObjetivos:<\/p>\n<p>Al terminar los participantes tendr\u00e1n los conocimientos te\u00f3ricos y pr\u00e1cticos para realizar la instalaci\u00f3n y configuraci\u00f3n de uno o m\u00e1s servidores Firewall sobre el sistema operativo GNU\/Linux usando el software Shorewall. A trav\u00e9s de ejercicios pr\u00e1cticos el participante obtendr\u00e1 las capacidades para realizar m\u00faltiples configuraciones de servidores Firewall, desde configuraciones b\u00e1sicas del tipo Firewall de Host, NAT, Firewall multi-homed hasta configuraciones avanzadas con m\u00faltiples redes y p\u00f3liticas de filtrado e integraci\u00f3n proxys de aplicaci\u00f3n y VPN.<br \/>\nTemario:<\/p>\n<p>Que es un Firewall y para que sirve.<br \/>\n    Rese\u00f1a de las tecnolog\u00edas de Firewall.<br \/>\n        Introducci\u00f3n general a las tecnolog\u00c3\u00adas de Firewall.<br \/>\n        Firewall y el Modelo OSI.<br \/>\nTecnolog\u00ed\u00adas y Tipos de Firewall.<br \/>\n        Packet Filter Firewalls.<br \/>\n        Stateful Packet Inspection (SPI) Firewalls.<br \/>\n        NAT (Network Address Translation).<br \/>\n        Breve Introducci\u00c3\u00b3n al NAT.<br \/>\n        Tipos de NAT.<br \/>\n        SNAT y MASQUERADING.<br \/>\n        DNAT.<br \/>\n        NAT 1-to-1.<br \/>\n        PAT o NAPT.<br \/>\nDise\u00f1ando nuestro entorno de Firewall.<br \/>\n        Que tipo de Firewall necesitamos.<br \/>\n        Donde posicionaremos nuestro Firewall.<br \/>\nSoporte de Firewall en GNU\/Linux.<br \/>\n        Breve historia del soporte de Firewall en Linux.<br \/>\n        Netfilter (kernelspace).<br \/>\n        iptables (userspace).<br \/>\n    Definiendo las zonas de trafico que vamos a filtrar.<br \/>\n    Definiendo las interfaces de red relacionadas al trafico a filtrar..<br \/>\n    Las Pol\u00edticas de filtrado de trafico.<br \/>\n    Configurando el Enmascaramiento\/NAT (MASQUERADING).<br \/>\n    Configurando el registro de eventos (Logs) del Firewall.<\/p>\n<p>Informaci\u00f3n del curso:<\/p>\n<p>Requisitos previos:<\/p>\n<p>Los participantes deber\u00e1n tener los conocimientos previos sobre redes TCP\/IP, configuraci\u00f3n de los par\u00e1metros de red y experiencia b\u00e1sica en la ejecuci\u00c3\u00b3n de comandos en sistemas GNU\/Linux, se recomienda uso fluido de alg\u00fan editor de textos en linea de comandos como vi.<\/p>\n<p>Duraci\u00f3n:16 horas.<\/p>\n<p>Precio: $5,500.00 m\u00c3\u00a1s IVA por persona<\/p>\n<p>Precio especial a grupos, puede pagar bitcoin y Paypal<\/p>\n<p>Incluye:<\/p>\n<p>    Curso intensivo con practicas reales.<br \/>\n    Instructores certificados con experiencia en entornos de producci\u00c3\u00b3n.<br \/>\n    Un equipo por estudiante.<br \/>\n    Discos de instalaci\u00f3n de distribuciones GNU\/Linux usadas en curso.<br \/>\n    Conexi\u00f3n a Internet.<br \/>\n    Caf\u00e9, galletas, refrigerios varios.<\/p>\n","protected":false},"excerpt":{"rendered":"<p>Hoy en d\u00eda tener conectada una red a Internet podr\u00e1 ser algo riesgoso, el Internet, ahora se ha convertido en un medio hostil e inseguro. Con la aparici\u00f3n de nuevos virus, trojanos, gusanos, y muchos otros tipos de ataques de red se ha vuelto imprescindible tener un Firewall que este filtrando los paquetes de Internet &hellip; <\/p>\n<p class=\"link-more\"><a href=\"https:\/\/www.e-compugraf.com\/index.php\/curso-de-implementacion-de-servidores-firewalls-con-gnu-linux\/\" class=\"more-link\">Continuar leyendo<span class=\"screen-reader-text\"> &#8220;Curso de Implementaci\u00f3n de servidores Firewalls con GNU Linux&#8221;<\/span><\/a><\/p>\n","protected":false},"author":2,"featured_media":0,"parent":0,"menu_order":0,"comment_status":"closed","ping_status":"closed","template":"","meta":{"footnotes":""},"class_list":["post-101","page","type-page","status-publish","hentry"],"_links":{"self":[{"href":"https:\/\/www.e-compugraf.com\/index.php\/wp-json\/wp\/v2\/pages\/101","targetHints":{"allow":["GET"]}}],"collection":[{"href":"https:\/\/www.e-compugraf.com\/index.php\/wp-json\/wp\/v2\/pages"}],"about":[{"href":"https:\/\/www.e-compugraf.com\/index.php\/wp-json\/wp\/v2\/types\/page"}],"author":[{"embeddable":true,"href":"https:\/\/www.e-compugraf.com\/index.php\/wp-json\/wp\/v2\/users\/2"}],"replies":[{"embeddable":true,"href":"https:\/\/www.e-compugraf.com\/index.php\/wp-json\/wp\/v2\/comments?post=101"}],"version-history":[{"count":3,"href":"https:\/\/www.e-compugraf.com\/index.php\/wp-json\/wp\/v2\/pages\/101\/revisions"}],"predecessor-version":[{"id":104,"href":"https:\/\/www.e-compugraf.com\/index.php\/wp-json\/wp\/v2\/pages\/101\/revisions\/104"}],"wp:attachment":[{"href":"https:\/\/www.e-compugraf.com\/index.php\/wp-json\/wp\/v2\/media?parent=101"}],"curies":[{"name":"wp","href":"https:\/\/api.w.org\/{rel}","templated":true}]}}